{"id":227,"date":"2021-01-15T16:24:55","date_gmt":"2021-01-15T15:24:55","guid":{"rendered":"https:\/\/edition1.figure-e.com\/?page_id=227"},"modified":"2021-01-15T18:47:48","modified_gmt":"2021-01-15T17:47:48","slug":"figuree-fonte","status":"publish","type":"page","link":"https:\/\/edition1.figure-e.com\/index.php\/figuree-fonte\/","title":{"rendered":"Figuree Fonte"},"content":{"rendered":"\n<div class=\"wp-block-advgb-columns advgb-columns-wrapper\" id=\"advgb-cols-919b4530-01e4-4f32-8ee4-6691407f9117\"><div class=\"advgb-columns-container\"><div class=\"advgb-columns advgb-columns-row advgb-is-mobile advgb-columns-2 layout-13-23 mbl-layout-stacked gutter-50 vgutter-10\">\n<div class=\"wp-block-advgb-column advgb-column advgb-is-one-third-tablet advgb-is-full-mobile\" id=\"advgb-col-093665f8-6e29-495b-880a-30f0a1caaff1\"><div class=\"advgb-column-inner\" style=\"border-style:none;border-width:1px\">\n<figure class=\"wp-block-image size-full is-resized\"><img loading=\"lazy\" decoding=\"async\" src=\"https:\/\/edition1.figure-e.com\/wp-content\/uploads\/2021\/01\/Visuel-F.gif\" alt=\"\" class=\"wp-image-228\" width=\"360\" height=\"360\"\/><\/figure>\n<\/div><\/div>\n\n\n\n<div class=\"wp-block-advgb-column advgb-column advgb-is-two-thirds-tablet advgb-is-full-mobile\" id=\"advgb-col-1455a0a0-7fb4-45ee-ba81-655f42f73061\"><div class=\"advgb-column-inner\" style=\"border-style:none;border-width:1px\">\n<h2 class=\"wp-block-heading\" style=\"font-size:30px\"><strong>Ce projet de typographie collaborative fait appel aux typographes, lettreur.ses, calligraphes, illustrateurs. trices, ainsi qu\u2019\u00e0 toute personne souhaitant se faire plaisir. Toutes les lettres sont collect\u00e9es puis encod\u00e9es dans un logiciel de cr\u00e9ation typographique. Un fichier installable sur ordinateur est ensuite g\u00e9n\u00e9r\u00e9. L\u2019apparition des variantes des lettres se fait ensuite de mani\u00e8re al\u00e9atoire lors de l\u2019\u00e9criture. L\u2019exercice est avant tout plastique, bien plus que typographique du point de vue de sa lisibilit\u00e9.<\/strong><\/h2>\n<\/div><\/div>\n<\/div><\/div><\/div>\n\n\n\n<div style=\"height:50px\" aria-hidden=\"true\" class=\"wp-block-spacer\"><\/div>\n\n\n\n<figure class=\"wp-block-image size-full\"><img loading=\"lazy\" decoding=\"async\" width=\"1440\" height=\"1250\" src=\"https:\/\/edition1.figure-e.com\/wp-content\/uploads\/2021\/01\/visuel-Character-set.jpg\" alt=\"\" class=\"wp-image-234\" srcset=\"https:\/\/edition1.figure-e.com\/wp-content\/uploads\/2021\/01\/visuel-Character-set.jpg 1440w, https:\/\/edition1.figure-e.com\/wp-content\/uploads\/2021\/01\/visuel-Character-set-300x260.jpg 300w, https:\/\/edition1.figure-e.com\/wp-content\/uploads\/2021\/01\/visuel-Character-set-1024x889.jpg 1024w, https:\/\/edition1.figure-e.com\/wp-content\/uploads\/2021\/01\/visuel-Character-set-768x667.jpg 768w\" sizes=\"auto, (max-width: 1440px) 100vw, 1440px\" \/><\/figure>\n\n\n\n<div style=\"height:50px\" aria-hidden=\"true\" class=\"wp-block-spacer\"><\/div>\n\n\n\n<div class=\"wp-block-advgb-columns advgb-columns-wrapper auteurs-full\" id=\"advgb-cols-c9304aaf-79f1-427d-99c2-e5a3837c74e9\"><div class=\"advgb-columns-container\"><div class=\"advgb-columns advgb-columns-row advgb-is-mobile advgb-columns-1 layout-100 mbl-layout-stacked vgutter-10\">\n<div class=\"wp-block-advgb-column advgb-column advgb-is-full-mobile auteurs\" id=\"advgb-col-3882790d-aa4d-4b52-b607-bd054b9a9da7\" style=\"flex:none\"><div class=\"advgb-column-inner\" style=\"border-style:none;border-width:1px\">\n<div class=\"wp-block-advgb-columns advgb-columns-wrapper auteurs-colonne\" id=\"advgb-cols-becf46a2-1d81-46a4-a331-2cc16f25ff0e\"><div class=\"advgb-columns-container\"><div class=\"advgb-columns advgb-columns-row advgb-is-mobile advgb-columns-2 layout-13-23 mbl-layout-stacked gutter-40 vgutter-10\">\n<div class=\"wp-block-advgb-column advgb-column advgb-is-one-third-tablet advgb-is-full-mobile\" id=\"advgb-col-8cb3ee9f-4db1-4080-adb5-b0ed6e7275bc\"><div class=\"advgb-column-inner\" style=\"border-style:none;border-width:1px\">\n<div class=\"wp-block-image\"><figure class=\"aligncenter size-full is-resized\"><img loading=\"lazy\" decoding=\"async\" src=\"https:\/\/edition1.figure-e.com\/wp-content\/uploads\/2021\/01\/Visuel-D.png\" alt=\"\" class=\"wp-image-267\" width=\"180\" height=\"180\" srcset=\"https:\/\/edition1.figure-e.com\/wp-content\/uploads\/2021\/01\/Visuel-D.png 360w, https:\/\/edition1.figure-e.com\/wp-content\/uploads\/2021\/01\/Visuel-D-300x300.png 300w, https:\/\/edition1.figure-e.com\/wp-content\/uploads\/2021\/01\/Visuel-D-150x150.png 150w\" sizes=\"auto, (max-width: 180px) 100vw, 180px\" \/><\/figure><\/div>\n<\/div><\/div>\n\n\n\n<div class=\"wp-block-advgb-column advgb-column advgb-is-two-thirds-tablet advgb-is-full-mobile\" id=\"advgb-col-695a4e3f-8a94-42e8-8553-b16a6ae790cc\"><div class=\"advgb-column-inner\" style=\"border-style:none;border-width:1px\">\n<h3 class=\"wp-block-heading\" style=\"font-size:30px\"><strong>Auteur.es<\/strong><\/h3>\n\n\n\n<div style=\"height:20px\" aria-hidden=\"true\" class=\"wp-block-spacer\"><\/div>\n\n\n\n<p class=\"has-small-font-size\" style=\"line-height:1.4\">Anna Pavie, Arthur Plateau, Aurelien Saly, Axel Andre, Bastien Riviere, Claire Cherriere, Clement Sinz, Damien Paquiot, Document design, Emilie Vizcano, Hortense Driguet, Jerome Sallerin, Josselin Briant, Kevin Ramanakasina, Kitty Sabatier, Laura Martin, Lea Sionneau, Margot Paul, Marie Voillat, Marlene Colotte, Mathilde Fossy, Morgane Chambrion, Oceane Juvin, Peter Becker, Renaud Benard, Richard Emmeran, Robin Plateau, Theo Guillard, Virginie Contier, Vivien Gorse.<\/p>\n<\/div><\/div>\n<\/div><\/div><\/div>\n<\/div><\/div>\n<\/div><\/div><\/div>\n\n\n\n<div style=\"height:20px\" aria-hidden=\"true\" class=\"wp-block-spacer\"><\/div>\n\n\n\n<div class=\"wp-block-buttons is-layout-flex wp-block-buttons-is-layout-flex\">\n<div class=\"wp-block-button bouton-dl\"><a class=\"wp-block-button__link no-border-radius\" href=\"https:\/\/edition1.figure-e.com\/wp-content\/uploads\/2021\/01\/Figuree-2018.zip\">T\u00e9l\u00e9charger<\/a><\/div>\n<\/div>\n\n\n\n<p class=\"has-text-align-center\"><a href=\"https:\/\/edition1.figure-e.com\/\">\u2192 Retour \u00e0 l&rsquo;accueil<\/a><\/p>\n<style class=\"advgb-styles-renderer\">#advgb-col-093665f8-6e29-495b-880a-30f0a1caaff1>.advgb-column-inner{}@media screen and (max-width: 1023px) {#advgb-col-093665f8-6e29-495b-880a-30f0a1caaff1>.advgb-column-inner{}}@media screen and (max-width: 767px) {#advgb-col-093665f8-6e29-495b-880a-30f0a1caaff1>.advgb-column-inner{}}#advgb-col-1455a0a0-7fb4-45ee-ba81-655f42f73061>.advgb-column-inner{}@media screen and (max-width: 1023px) {#advgb-col-1455a0a0-7fb4-45ee-ba81-655f42f73061>.advgb-column-inner{}}@media screen and (max-width: 767px) {#advgb-col-1455a0a0-7fb4-45ee-ba81-655f42f73061>.advgb-column-inner{}}#advgb-cols-919b4530-01e4-4f32-8ee4-6691407f9117{}@media screen and (max-width: 1023px) {#advgb-cols-919b4530-01e4-4f32-8ee4-6691407f9117{}}@media screen and (max-width: 767px) {#advgb-cols-919b4530-01e4-4f32-8ee4-6691407f9117{}}#advgb-col-093665f8-6e29-495b-880a-30f0a1caaff1>.advgb-column-inner{}@media screen and (max-width: 1023px) {#advgb-col-093665f8-6e29-495b-880a-30f0a1caaff1>.advgb-column-inner{}}@media screen and (max-width: 767px) {#advgb-col-093665f8-6e29-495b-880a-30f0a1caaff1>.advgb-column-inner{}}#advgb-col-1455a0a0-7fb4-45ee-ba81-655f42f73061>.advgb-column-inner{}@media screen and (max-width: 1023px) {#advgb-col-1455a0a0-7fb4-45ee-ba81-655f42f73061>.advgb-column-inner{}}@media screen and (max-width: 767px) {#advgb-col-1455a0a0-7fb4-45ee-ba81-655f42f73061>.advgb-column-inner{}}#advgb-col-8cb3ee9f-4db1-4080-adb5-b0ed6e7275bc>.advgb-column-inner{}@media screen and (max-width: 1023px) {#advgb-col-8cb3ee9f-4db1-4080-adb5-b0ed6e7275bc>.advgb-column-inner{}}@media screen and (max-width: 767px) {#advgb-col-8cb3ee9f-4db1-4080-adb5-b0ed6e7275bc>.advgb-column-inner{}}#advgb-col-695a4e3f-8a94-42e8-8553-b16a6ae790cc>.advgb-column-inner{}@media screen and (max-width: 1023px) {#advgb-col-695a4e3f-8a94-42e8-8553-b16a6ae790cc>.advgb-column-inner{}}@media screen and (max-width: 767px) {#advgb-col-695a4e3f-8a94-42e8-8553-b16a6ae790cc>.advgb-column-inner{}}#advgb-cols-becf46a2-1d81-46a4-a331-2cc16f25ff0e{margin-right:10%;margin-left:10%;padding-top:5%;padding-bottom:5%;}@media screen and (max-width: 1023px) {#advgb-cols-becf46a2-1d81-46a4-a331-2cc16f25ff0e{}}@media screen and (max-width: 767px) {#advgb-cols-becf46a2-1d81-46a4-a331-2cc16f25ff0e{}}#advgb-col-8cb3ee9f-4db1-4080-adb5-b0ed6e7275bc>.advgb-column-inner{}@media screen and (max-width: 1023px) {#advgb-col-8cb3ee9f-4db1-4080-adb5-b0ed6e7275bc>.advgb-column-inner{}}@media screen and (max-width: 767px) {#advgb-col-8cb3ee9f-4db1-4080-adb5-b0ed6e7275bc>.advgb-column-inner{}}#advgb-col-695a4e3f-8a94-42e8-8553-b16a6ae790cc>.advgb-column-inner{}@media screen and (max-width: 1023px) {#advgb-col-695a4e3f-8a94-42e8-8553-b16a6ae790cc>.advgb-column-inner{}}@media screen and (max-width: 767px) {#advgb-col-695a4e3f-8a94-42e8-8553-b16a6ae790cc>.advgb-column-inner{}}#advgb-col-3882790d-aa4d-4b52-b607-bd054b9a9da7>.advgb-column-inner{margin-right:10px;}#advgb-col-3882790d-aa4d-4b52-b607-bd054b9a9da7{width: 100%;}@media screen and (max-width: 1023px) {#advgb-col-3882790d-aa4d-4b52-b607-bd054b9a9da7>.advgb-column-inner{}}@media screen and (max-width: 767px) {#advgb-col-3882790d-aa4d-4b52-b607-bd054b9a9da7>.advgb-column-inner{}}#advgb-cols-becf46a2-1d81-46a4-a331-2cc16f25ff0e{margin-right:10%;margin-left:10%;padding-top:5%;padding-bottom:5%;}@media screen and (max-width: 1023px) {#advgb-cols-becf46a2-1d81-46a4-a331-2cc16f25ff0e{}}@media screen and (max-width: 767px) {#advgb-cols-becf46a2-1d81-46a4-a331-2cc16f25ff0e{}}#advgb-col-8cb3ee9f-4db1-4080-adb5-b0ed6e7275bc>.advgb-column-inner{}@media screen and (max-width: 1023px) {#advgb-col-8cb3ee9f-4db1-4080-adb5-b0ed6e7275bc>.advgb-column-inner{}}@media screen and (max-width: 767px) {#advgb-col-8cb3ee9f-4db1-4080-adb5-b0ed6e7275bc>.advgb-column-inner{}}#advgb-col-695a4e3f-8a94-42e8-8553-b16a6ae790cc>.advgb-column-inner{}@media screen and (max-width: 1023px) {#advgb-col-695a4e3f-8a94-42e8-8553-b16a6ae790cc>.advgb-column-inner{}}@media screen and (max-width: 767px) {#advgb-col-695a4e3f-8a94-42e8-8553-b16a6ae790cc>.advgb-column-inner{}}#advgb-cols-c9304aaf-79f1-427d-99c2-e5a3837c74e9{}@media screen and (max-width: 1023px) {#advgb-cols-c9304aaf-79f1-427d-99c2-e5a3837c74e9{}}@media screen and (max-width: 767px) {#advgb-cols-c9304aaf-79f1-427d-99c2-e5a3837c74e9{}}#advgb-col-3882790d-aa4d-4b52-b607-bd054b9a9da7>.advgb-column-inner{margin-right:10px;}#advgb-col-3882790d-aa4d-4b52-b607-bd054b9a9da7{width: 100%;}@media screen and (max-width: 1023px) {#advgb-col-3882790d-aa4d-4b52-b607-bd054b9a9da7>.advgb-column-inner{}}@media screen and (max-width: 767px) {#advgb-col-3882790d-aa4d-4b52-b607-bd054b9a9da7>.advgb-column-inner{}}#advgb-cols-becf46a2-1d81-46a4-a331-2cc16f25ff0e{margin-right:10%;margin-left:10%;padding-top:5%;padding-bottom:5%;}@media screen and (max-width: 1023px) {#advgb-cols-becf46a2-1d81-46a4-a331-2cc16f25ff0e{}}@media screen and (max-width: 767px) {#advgb-cols-becf46a2-1d81-46a4-a331-2cc16f25ff0e{}}#advgb-col-8cb3ee9f-4db1-4080-adb5-b0ed6e7275bc>.advgb-column-inner{}@media screen and (max-width: 1023px) {#advgb-col-8cb3ee9f-4db1-4080-adb5-b0ed6e7275bc>.advgb-column-inner{}}@media screen and (max-width: 767px) {#advgb-col-8cb3ee9f-4db1-4080-adb5-b0ed6e7275bc>.advgb-column-inner{}}#advgb-col-695a4e3f-8a94-42e8-8553-b16a6ae790cc>.advgb-column-inner{}@media screen and (max-width: 1023px) {#advgb-col-695a4e3f-8a94-42e8-8553-b16a6ae790cc>.advgb-column-inner{}}@media screen and (max-width: 767px) {#advgb-col-695a4e3f-8a94-42e8-8553-b16a6ae790cc>.advgb-column-inner{}}<\/style>","protected":false},"excerpt":{"rendered":"<p>\u2192 Retour \u00e0 l&rsquo;accueil<\/p>\n","protected":false},"author":1,"featured_media":0,"parent":0,"menu_order":0,"comment_status":"closed","ping_status":"closed","template":"","meta":{"advgb_blocks_editor_width":"","advgb_blocks_columns_visual_guide":"","footnotes":""},"class_list":["post-227","page","type-page","status-publish","hentry","entry"],"coauthors":[],"author_meta":{"author_link":"https:\/\/edition1.figure-e.com\/index.php\/author\/adminug83trn5l\/","display_name":"adminUg83tRN5L"},"relative_dates":{"created":"Publi\u00e9 5 ans il y a","modified":"Mis \u00e0 jour 5 ans il y a"},"absolute_dates":{"created":"Publi\u00e9 le 15 janvier 2021","modified":"Mise \u00e0 jour le 15 janvier 2021"},"absolute_dates_time":{"created":"Publi\u00e9 le 15 janvier 2021 16h24","modified":"Mise \u00e0 jour le 15 janvier 2021 18h47"},"featured_img_caption":"","featured_img":false,"series_order":"","_links":{"self":[{"href":"https:\/\/edition1.figure-e.com\/index.php\/wp-json\/wp\/v2\/pages\/227","targetHints":{"allow":["GET"]}}],"collection":[{"href":"https:\/\/edition1.figure-e.com\/index.php\/wp-json\/wp\/v2\/pages"}],"about":[{"href":"https:\/\/edition1.figure-e.com\/index.php\/wp-json\/wp\/v2\/types\/page"}],"author":[{"embeddable":true,"href":"https:\/\/edition1.figure-e.com\/index.php\/wp-json\/wp\/v2\/users\/1"}],"replies":[{"embeddable":true,"href":"https:\/\/edition1.figure-e.com\/index.php\/wp-json\/wp\/v2\/comments?post=227"}],"version-history":[{"count":29,"href":"https:\/\/edition1.figure-e.com\/index.php\/wp-json\/wp\/v2\/pages\/227\/revisions"}],"predecessor-version":[{"id":334,"href":"https:\/\/edition1.figure-e.com\/index.php\/wp-json\/wp\/v2\/pages\/227\/revisions\/334"}],"wp:attachment":[{"href":"https:\/\/edition1.figure-e.com\/index.php\/wp-json\/wp\/v2\/media?parent=227"}],"curies":[{"name":"wp","href":"https:\/\/api.w.org\/{rel}","templated":true}]}}